 + 12064. What is s(129)?
-62
Let t(o) = -3*o**3 - 75*o**2 - 491*o - 10381. Give t(-24).
-325
Let u(i) = 2*i**3 + 67*i**2 + 638*i + 1253. Calculate u(-15).
8
Let o(g) = g**2 - 144*g + 691. Calculate o(5).
-4
Let m(k) = k**2 - 46849*k - 890486. Give m(-19).
6
Let w(t) = -t**3 + 40*t**2 - 193*t + 998. Give w(35).
368
Let s(v) = -2344*v**2 + 23718*v - 25. Determine s(10).
2755
Let w(k) = -1656*k + 100867. What is w(61)?
-149
Let i(o) = -o**3 - 37*o**2 + 261*o + 39. Give i(6).
57
Let m(c) = 1720*c - 414510. Give m(241).
10
Let o(u) = -1592*u + 30273. Determine o(19).
25
Let n(b) = b**3 - 38*b**2 + 6585*b - 275045. What is n(41)?
-17
Let c(d) = -d**2 - 21*d - 62. What is c(-7)?
36
Let k(n) = -2831*n + 141548. Give k(50).
-2
Let h(q) = 1902*q - 17407. Calculate h(9).
-289
Let x(s) = -s**3 - 56*s**2 - 151*s - 8645. Calculate x(-56).
-189
Let q(t) = -4*t**2 - 488*t - 7516. Calculate q(-18).
-28
Let x(c) = 5*c**3 - 112*c**2 - 173*c - 457. Give x(24).
-1
Let y(c) = -1479*c + 39884. Calculate y(27).
-49
Let l(h) = -h**2 + 59*h + 1286. What is l(72)?
350
Let g(l) = 10*l**3 - 13*l**2 + 92*l + 38. What is g(5)?
1423
Let f(z) = -z**2 - 155*z + 2345. Give f(15).
-205
Let b(n) = -1062*n + 168941. Give b(159).
83
Let s(n) = 8982*n + 81085. Give s(-9).
247
Let p(g) = -g**2 + 13451*g + 67286. Calculate p(-5).
6
Let z(m) = -2*m**2 - 82*m - 286. Give z(-25).
514
Let j(n) = -n**3 + 73*n**2 - 875*n + 239. Give j(58).
-51
Let q(p) = 27*p**3 - 3*p**2 + 16*p + 25. Calculate q(-2).
-235
Let d(g) = 22*g**2 - 117*g - 770. Calculate d(-6).
724
Let j(v) = 50*v**2 + 141*v + 770. Determine j(-9).
3551
Let d(w) = -6*w**2 + 294*w - 3370. Calculate d(31).
-22
Let z(d) = 10032*d + 311075. What is z(-31)?
83
Let r(v) = 12*v**2 + 1026*v + 5314. Calculate r(-5).
484
Let p(u) = -21*u**2 - 11*u + 50. Determine p(-7).
-902
Let z(y) = 6*y**2 + 341*y + 683. Give z(-2).
25
Let y(s) = 226*s**2 - 2236*s - 305. What is y(10)?
-65
Let w(a) = a**2 + 130567*a - 3003568. Calculate w(23).
2
Let g(w) = w**3 + 50*w**2 - 243*w + 5199. Give g(-56).
-9
Let r(d) = 22*d**2 + 1282*d + 3952. What is r(-55)?
-8
Let c(v) = -25047*v + 726528. Give c(29).
165
Let z(t) = t**2 - 9367*t + 224190. Determine z(24).
-42
Let r(s) = -s**3 - 14*s**2 + 52*s + 245. Determine r(-17).
228
Let v(l) = -585772*l - 4686167. Give v(-8).
9
Let n(b) = -7503*b - 45019. What is n(-6)?
-1
Let d(b) = 5*b**2 - 282160*b + 564312. Calculate d(2).
12
Let p(m) = m**3 + 18*m**2 + 32*m + 89. What is p(-15)?
284
Let k(x) = -19*x**2 + 2425*x - 1589. Give k(127).
-65
Let d(t) = 38*t - 4318. What is d(94)?
-746
Let f(z) = 12*z**2 - 1617*z + 2812. Determine f(133).
19
Let g(l) = l**3 + 141*l**2 - 638*l - 8419. Determine g(-145).
-9
Let g(o) = 64*o**3 + 12*o**2 - 64*o + 128. What is g(3)?
1772
Let s(z) = 3*z**3 - 619*z**2 + 822*z - 491. Determine s(205).
-81
Let o(a) = 83*a + 43. Determine o(-3).
-206
Let t(k) = -276032*k - 3864436. What is t(-14)?
12
Let w(o) = -5433*o - 42463. Give w(-8).
1001
Let s(o) = -o**3 + 754*o**2 - 29893*o - 7958. What is s(712)?
-126
Let g(f) = f**2 + 233*f + 10102. Determine g(-188).
1642
Let g(i) = -2048*i**2 + 28674*i - 43. What is g(14)?
-15
Let b(i) = -32190*i + 38241723. Give b(1188).
3
Let b(n) = -5*n**2 + 1036*n + 34092. Calculate b(-29).
-157
Let f(k) = 5506*k - 104478. Calculate f(19).
136
Let u(h) = h**3 - 38*h**2 + 7240*h - 283877. Calculate u(39).
4
Let i(z) = -228*z - 3379. Determine i(-12).
-643
Let p(k) = k**2 + 8678*k + 233583. Give p(-27).
6
Let b(i) = 6*i**2 + 3414*i - 41154. Give b(12).
678
Let y(w) = -1602*w**2 + 92915*w + 22. Calculate y(58).
-36
Let f(b) = 27517*b - 495327. What is f(18)?
-21
Let j(g) = -5622*g - 303568. Give j(-54).
20
Let c(a) = -7037*a + 21181. Determine c(3).
70
Let b(i) = 2*i**3 - 317*i**2 - 193*i + 5484. Calculate b(159).
78
Let m(g) = -607*g**2 + 3*g + 7. Calculate m(-1).
-603
Let f(v) = 2*v**3 - 9*v**2 - 48*v + 212. What is f(3)?
41
Let u(m) = -10*m**3 + 74*m**2 - 24*m + 11. Determine u(12).
-6901
Let l(d) = 6*d**2 + 11*d - 140. What is l(-12)?
592
Let f(q) = 6*q**3 - 282*q**2 + 545*q - 233. Give f(45).
-8
Let t(c) = 2516*c + 276808. Give t(-110).
48
Let f(y) = 27*y - 1770. What is f(119)?
1443
Let v(d) = -12291*d**2 - 762044*d - 144. What is v(-62)?
-20
Let i(f) = 2*f**3 + 118*f**2 + 23*f + 406. Give i(-59).
-951
Let v(r) = 550*r + 47025. Give v(-84).
825
Let b(m) = 9*m**3 - 29*m**2 - 165*m + 1189. What is b(8)?
2621
Let r(l) = 279719*l + 6153832. Determine r(-22).
14
Let n(b) = -1276*b + 20375. Calculate n(15).
1235
Let v(s) = -2*s**3 - 162*s**2 - 828*s - 828. Determine v(-4).
20
Let r(a) = -a**3 + 205*a**2 + 4*a - 816. Give r(205).
4
Let i(b) = -190*b - 8128. Give i(-42).
-148
Let y(o) = o**3 - 7*o**2 + 114*o - 1164. Give y(9).
24
Let t(u) = 3*u**2 + 2776*u + 179647. What is t(-70)?
27
Let d(m) = m**2 - 9907*m + 62. Calculate d(0).
62
Let w(m) = -1461*m - 1035. Calculate w(0).
-1035
Let d(k) = -k**2 + 34*k + 3229. Give d(85).
-1106
Let y(r) = -100*r**2 + 10780*r + 1869. What is y(108)?
-291
Let p(c) = 3457*c + 4488. Calculate p(-2).
-2426
Let i(p) = -109*p + 24645. Calculate i(226).
11
Let y(c) = 4859*c - 1151590. Determine y(237).
-7
Let z(h) = 9555*h + 28723. Give z(-3).
58
Let x(f) = -191*f - 30085. Determine x(-136).
-4109
Let d(b) = -61*b**2 + 7440*b - 24. Give d(122).
-268
Let p(d) = -20*d**2 - 552*d + 3314. Calculate p(5).
54
Let m(s) = -3*s**2 + 153*s - 1761. Determine m(33).
21
Let h(r) = -65237*r + 1304735. Give h(20).
-5
Let t(p) = 88*p - 454. What is t(10)?
426
Let i(z) = -4256*z + 30764. Give i(7).
972
Let f(n) = -2*n**3 + 2654*n + 660. Determine f(0).
660
Let d(y) = -30*y**3 - 1140*y**2 + 29*y + 1081. What is d(-38)?
-21
Let n(b) = b**2 - 2026*b - 442777. Calculate n(-199).
-2
Let x(p) = 601733*p + 25874514. Determine x(-43).
-5
Let t(g) = -g**3 + 124*g**2 - 208*g - 4846. What is t(122)?
-454
Let f(d) = 1292*d**2 + 7802*d + 12. Give f(-6).
-288
Let d(y) = -23416*y + 140060. What is d(6)?
-436
Let q(p) = -8772*p + 438640. Calculate q(50).
40
Let l(k) = -2*k**2 - 665*k - 9225. Determine l(-318).
-3
Let g(a) = 47*a**3 - 242*a**2 + 11*a - 1. Determine g(5).
-121
Let t(g) = -673*g**2 + 23555*g + 17. Give t(35).
17
Let x(r) = -8*r**3 + 485*r**2 + 959*r + 14. Give x(-2).
100
Let h(d) = -307*d + 21734. Give h(71).
-63
Let m(w) = -5*w**2 - 37*w - 1750. Calculate m(0).
-1750
Let a(f) = -2*f**3 + 34*f**2 - 2486*f + 45396. Determine a(18).
0
Let d(r) = 1568*r - 16855. What is d(11)?
393
Let x(m) = -m**3 - m**2 - 37195*m - 4. Give x(0).
-4
Let l(c) = -25*c**3 - 900*c**2 + 47*c + 1667. Determine l(-36).
-25
Let r(c) = -834*c - 743171. Determine r(-891).
-77
Let s(z) = 86*z + 1269. What is s(-11)?
323
Let s(p) = -100*p - 4997. What is s(-47)?
-297
Let u(x) = -7548*x - 452870. Calculate u(-60).
10
Let k(j) = -j**3 + 26*j**2 - 3*j - 592. Give k(15).
1838
Let n(v) = v**2 - 1246*v + 8649. Give n(7).
-24
Let p(m) = m**3 - 137*m**2 - 433*m + 1408. What is p(140)?
-412
Let q(y) = -44*y - 933. Give q(-14).
-317
Let o(w) = -24950*w - 349297. Determine o(-14).
3
Let z(p) = -155*p**2 + 11159*p + 78. Calculate z(72).
6
Let w(c) = 6*c**3 + 367*c**2 - 322*c - 752. Give w(-62).
-8
Let r(x) = x**2 + 5777*x + 144366. Give r(-25).
566
Let s(i) = 33217*i + 896844. Determine s(-27).
-15
Let y(b) = -252*b - 13963. Give y(-38).
-4387
Let g(l) = -3378*l + 3367862. Give g(997).
-4
Let n(a) = -a**2 - 111*a - 1715. Determine n(-22).
243
Let c(k) = 11*k**3 + 77*k**2 + 80*k + 557. Give c(-7).
-3
Let z(k) = -13*k**2 + 227*k + 228. What is z(20)?
-432
Let x(b) = 171*b**2 - 3213*b - 617. Determine x(19).
67
Let u(c) = -18*c**2 + 355*c - 309. What is u(23)?
-1666
Let c(h) = -h**2 + 216*h + 38043. Give c(-115).
-22
Let x(o) = -2*o**3 - 540*o**2 - 564*o - 6978. What is x(-269)?
16
Let g(h) = 6*h**2 + 133*h - 819. What is g(-25)?
-394
Let y(c) = -8412*c - 50186. Give y(-6).
286
Let r(a) = -a**3 - 28*a**2 + 571*a + 15803. Calculate r(-29).
85
Let o(h) = -h**3 - 82*h**2 - 1663*h + 84. Determine o(-37).
10
Let f(j) = -8*j**2 - 92248*j + 276806. Calculate f(3).
-10
Let c(n) = -2*n**3 + 5*n**2 + 61*n - 177. What is c(3)?
-3
Let q(j) = 161*j**3 - 5*j**2 - 20*j + 19. Give q(1).
155
Let r(j) = -9*j**2 - 541*j - 408. Determine r(-60).
-348
Let j(k) = -59612*k - 119240. Determine j(-2).
-16
Let b(x) = -3*x**2